t common divisor of 580 and 108.
4
What is the highest common divisor of 278 and 217813?
139
What is the greatest common divisor of 117 and 28327?
13
What is the greatest common factor of 38 and 232598?
38
What is the greatest common factor of 85 and 1411?
17
Calculate the greatest common factor of 31 and 23591.
31
What is the highest common factor of 418950 and 196?
98
What is the greatest common factor of 462 and 143346?
42
What is the greatest common factor of 430 and 110854?
86
What is the highest common factor of 897 and 143?
13
Calculate the greatest common divisor of 25936 and 16.
16
Calculate the greatest common factor of 166383 and 1197.
1197
Calculate the greatest common divisor of 344696 and 176.
88
Calculate the highest common factor of 123 and 10386.
3
Calculate the greatest common factor of 1408 and 1056.
352
Calculate the greatest common factor of 117915 and 210.
105
What is the highest common factor of 4310281 and 214?
107
What is the greatest common divisor of 28 and 6892?
4
What is the highest common divisor of 62019 and 270?
27
Calculate the greatest common factor of 11444837 and 43.
43
What is the greatest common factor of 2628 and 156?
12
What is the highest common factor of 487 and 636996?
487
What is the highest common factor of 24500 and 4620?
140
Calculate the greatest common factor of 44509 and 1504.
47
What is the highest common divisor of 319 and 11198?
11
What is the highest common factor of 61800 and 5871?
309
Calculate the greatest common factor of 276 and 1308.
12
What is the highest common factor of 83444 and 368?
92
Calculate the greatest common divisor of 6260 and 4110.
10
What is the greatest common factor of 367258 and 752?
94
What is the greatest common factor of 391 and 43976?
23
Calculate the greatest common factor of 1084909 and 343.
343
Calculate the greatest common factor of 766 and 3286.
2
Calculate the highest common divisor of 100 and 436000.
100
What is the greatest common divisor of 4323 and 167811?
393
Calculate the greatest common divisor of 8 and 483592.
8
What is the greatest common factor of 279784 and 80?
8
Calculate the highest common factor of 1427611 and 421.
421
Calculate the highest common factor of 3605 and 35.
35
Calculate the highest common factor of 343 and 7938.
49
Calculate the greatest common divisor of 18709 and 6707.
353
Calculate the greatest common divisor of 4102 and 98.
14
Calculate the highest common factor of 1208 and 256.
8
Calculate the greatest common factor of 132 and 57585.
33
What is the highest common divisor of 83545 and 550?
55
What is the highest common divisor of 9 and 252171?
9
Calculate the highest common factor of 111400 and 200.
200
What is the highest common divisor of 34192 and 464?
16
Calculate the highest common factor of 5120 and 45.
5
Calculate the highest common factor of 61731 and 361.
361
Calculate the greatest common divisor of 1474 and 11522258.
1474
Calculate the highest common divisor of 2124 and 66021.
177
Calculate the highest common factor of 108 and 1212.
12
Calculate the highest common divisor of 219261 and 33390.
1113
What is the greatest common divisor of 137516 and 92047?
1109
What is the highest common divisor of 1775 and 45?
5
What is the highest common divisor of 8 and 55516?
4
What is the greatest common divisor of 10750780 and 940?
940
What is the highest common factor of 720 and 104985?
45
What is the greatest common divisor of 9798 and 9869?
71
What is the highest common divisor of 1032 and 1771514?
86
What is the greatest common divisor of 25728 and 6?
6
Calculate the greatest common factor of 16 and 1315.
1
Calculate the highest common factor of 9331104 and 37.
37
What is the highest common factor of 4905 and 45?
45
Calculate the greatest common factor of 3264 and 29121.
51
Calculate the greatest common divisor of 3172473 and 54.
27
What is the greatest common divisor of 25429 and 236?
59
Calculate the greatest common factor of 115813 and 1294.
647
Calculate the greatest common factor of 47616 and 45384.
744
Calculate the greatest common factor of 15691 and 13.
13
What is the greatest common divisor of 1800 and 54?
18
What is the highest common factor of 20 and 3229610?
10
Calculate the greatest common divisor of 4494 and 3424.
214
Calculate the highest common divisor of 4441665 and 666.
111
What is the greatest common divisor of 14578 and 2146?
74
What is the highest common factor of 72500 and 1363?
29
Calculate the highest common factor of 54124 and 56.
28
Calculate the highest common divisor of 2743675 and 33.
11
Calculate the greatest common divisor of 518111 and 4884.
407
Calculate the greatest common factor of 31088 and 134.
134
What is the greatest common divisor of 99 and 18756?
9
What is the greatest common divisor of 15098 and 10?
2
What is the highest common factor of 17 and 2575823?
17
What is the greatest common divisor of 264 and 61896?
24
What is the highest common factor of 1708 and 1403?
61
Calculate the greatest common divisor of 8248515 and 165.
165
Calculate the highest common divisor of 244958 and 1680.
14
What is the greatest common divisor of 549289 and 124?
31
What is the highest common factor of 6890008 and 152?
152
Calculate the highest common factor of 1570308 and 3.
3
Calculate the highest common divisor of 308 and 22132.
44
What is the highest common factor of 58091 and 44?
11
Calculate the greatest common factor of 18948 and 36.
12
Calculate the greatest common divisor of 11 and 1329581.
11
Calculate the greatest common factor of 163463 and 31.
31
What is the greatest common factor of 43054 and 722?
38
Calculate the highest common factor of 7228 and 43924.
556
What is the highest common divisor of 101 and 186749?
101
What is the highest common divisor of 338 and 87542?
338
What is the greatest common factor of 140943 and 132?
33
Calculate the greatest common factor of 60756 and 1743.
249
What is the greatest common divisor of 301668 and 48?
12
Calculate the highest common factor of 404091 and 63.
9
What is the highest common divisor of 442149 and 114?
57
Calculate the greatest common factor of 744738 and 42.
6
What is the greatest common divisor of 52637 and 221?
13
Calculate the greatest common factor of 15240 and 8280.
120
Calculate the greatest common divisor of 12600 and 237636.
252
Calculate the highest common factor of 195165 and 45.
45
What is the greatest common divisor of 113620 and 55660?
460
Calculate the greatest common divisor of 1590 and 17808.
318
Calculate the highest common divisor of 53 and 4234276.
53
What is the greatest common divisor of 48 and 113344?
16
What is the greatest common factor of 1805804 and 273?
91
What is the highest common divisor of 4440 and 3385?
5
Calculate the highest common divisor of 5221022 and 82.
82
Calculate the highest common factor of 2855 and 435.
5
Calculate the greatest common factor of 484524 and 3130.
626
Calculate the greatest common divisor of 10449 and 4902.
129
Calculate the highest common factor of 168185 and 70.
5
Calculate the greatest common factor of 96683 and 436.
109
What is the highest common divisor of 374199 and 519?
519
What is the highest common factor of 20 and 10048180?
20
Calculate the highest common factor of 87 and 46777.
29
Calculate the highest common factor of 1806 and 363608.
602
What is the greatest common factor of 665 and 332290?
35
Calculate the highest common factor of 540696 and 312.
312
Calculate the highest common divisor of 91 and 1217346.
13
What is the highest common divisor of 148 and 248714?
74
Calculate the greatest common divisor of 2831 and 1043.
149
Calculate the highest common divisor of 17110 and 2465.
145
What is the highest common divisor of 188675 and 775?
25
What is the highest common factor of 447 and 50213?
149
What is the highest common factor of 419235 and 20235?
285
Calculate the greatest common factor of 11385 and 67965.
345
Calculate the greatest common factor of 2145 and 5280.
165
What is the greatest common divisor of 46764 and 8227?
433
What is the highest common divisor of 52007 and 6749?
397
Calculate the greatest common factor of 379183 and 38.
19
Calculate the greatest common divisor of 7 and 32473.
7
What is the greatest common divisor of 39 and 29679?
39
Calculate the highest 